)/3*-1. Suppose -2*a = i*a + 2*u + 70, -4*a = -u + 85. What are the prime factors of (-58)/(-5) - 8/a?
2, 3
Suppose 79 + 609 = 4*o. What are the prime factors of o?
2, 43
Let v = 1177 + -805. What are the prime factors of v?
2, 3, 31
Suppose 275 = o + 5*y, -265 = 2*o - 3*o + 5*y. What are the prime factors of o?
2, 3, 5
Suppose 0 = -22*a + 24*a. Suppose -2*i + a*i = -x + 27, -73 = -3*x - 2*i. What are the prime factors of x?
5
Let k(q) = 3*q - 3. Suppose -2*n - 3 = -2*i - 7, 5*i + 6 = 4*n. Suppose -i*d = -4*d + 8. List the prime factors of k(d).
3
Let o(l) = -123*l - 228. What are the prime factors of o(-15)?
3, 7, 11
Let p(t) = t**2 - 5*t - 8. Let h be p(9). What are the prime factors of (-1)/7 - (-1824)/h?
5, 13
Let p(v) = -10*v**3 + 6*v**2 + 5*v + 1. Let o(n) = 11*n**3 - 7*n**2 - 6*n - 1. Let f(z) = 5*o(z) + 6*p(z). What are the prime factors of f(-2)?
3, 5
What are the prime factors of (9/18)/((-1)/(-40))?
2, 5
Suppose -3*j + 3*n + 2179 = -3911, -5*j + 10186 = 4*n. What are the prime factors of j?
2, 3, 113
Suppose -13*g + 10830 + 14676 = 0. What are the prime factors of g?
2, 3, 109
Let l(q) = -q**3 - 10*q**2 - q + 8. Let r(m) = -m + 1. Let c be r(-2). Let d be 10/(c + 1*-4). What are the prime factors of l(d)?
2, 3
List the prime factors of (6 + (-33)/6)*149*4.
2, 149
List the prime factors of (-65 - 25/(-5))*(-8 + 3).
2, 3, 5
What are the prime factors of 5301/15 + -1 - (-6)/(-15)?
2, 11
Let i = 161 + 350. Suppose 41 + i = 6*q. What are the prime factors of q?
2, 23
Let m be (-33 + (4 - 2))*1. Let n be m - 1 - (-8 + 8). Let i = n + 46. List the prime factors of i.
2, 7
Suppose -24*s = -21*s - 6. List the prime factors of ((-104)/(-3))/s*(25 - 19).
2, 13
Let f(r) = -r**3 + 14*r**2 - 2*r - 30. List the prime factors of f(9).
3, 7, 17
Let p = 1465 + -936. List the prime factors of p.
23
Suppose -c + 43 = 2*l, -2 = 2*c - 8. Suppose l = 5*k - 25. What are the prime factors of k?
3
Suppose 0 = -6*p + 15 + 9. Suppose 4*u + 2*k - 18 = -u, -2*k = -2*u - p. List the prime factors of u.
2
Let t(a) = 67*a - 1. What are the prime factors of t(4)?
3, 89
Suppose 8 = 3*m - 10. Let x(v) = v - 4. Let s be x(4). Suppose m*d - 4*d - 12 = s. What are the prime factors of d?
2, 3
Let m = -122 + 252. List the prime factors of m.
2, 5, 13
What are the prime factors of (-352)/(-132) + (-3250)/(-3)?
2, 3, 181
Suppose 5*l + 2*q = 3*q - 95, -115 = 5*l + 3*q. List the prime factors of ((-18)/5)/(8/l).
3
Let o be ((-23)/(-4))/((-4)/(-48)). Let q = o + -3. Suppose 255 = 4*y + z, -y + 5*z - 3*z + q = 0. List the prime factors of y.
2
Let j(i) = -i. Let m = -11 - -6. Let d be j(m). Suppose 2*n = 11 + d. List the prime factors of n.
2
Let j(u) = 5*u**2 + 2*u + 2. Let w(i) = -9*i**2 - 3*i - 5. Let s(b) = 11*j(b) + 6*w(b). Let z be s(-6). List the prime factors of 5 + -5 - z*-5.
2, 5
Let a(g) = -g**2 + 17*g + 37. Let i be a(20). Let b(p) = p**2 - 2*p - 8. Let u be b(-6). Let y = i + u. What are the prime factors of y?
17
List the prime factors of ((-64)/28)/4 - 4586/(-14).
3, 109
Suppose l + 12*l = 1482. What are the prime factors of l?
2, 3, 19
Suppose 2303 = j - 2*n, 5*j - 14006 = -3*n - 2465. List the prime factors of j.
3, 769
Suppose 5*r - 94 = -3*g, g - 84 = -2*g - 3*r. Suppose -5*a = -g - 247. What are the prime factors of a?
2, 3
Let s(k) = -17*k - 2. Let w(q) = -2*q - 2. Let o be w(-9). Suppose i = -3*i - o. What are the prime factors of s(i)?
2, 3, 11
Let j = -1201 + 2800. List the prime factors of j.
3, 13, 41
Suppose 33*t - 28*t - 20 = 0. Suppose 7*m - 6*m + t*r = 109, -3*m + r = -353. What are the prime factors of m?
3, 13
Suppose -68 = -x + 4*b - 3*b, 2*b = 5*x - 337. Let m = 117 - x. List the prime factors of m.
2, 5
Let v(j) = 43*j**2 - 21*j + 4. What are the prime factors of v(-4)?
2, 97
Let u = 572 - -335. What are the prime factors of u?
907
Let q = -1 - -3. Suppose -t = t - 3*x - 10, -2*t = 5*x + 6. Suppose t*n - 100 = -q*n. What are the prime factors of n?
5
Suppose 0 = r - 3*r. Let l(d) = -3*d + 27. List the prime factors of l(r).
3
Let z = -446 - -613. What are the prime factors of z?
167
Let x = 41 - 37. List the prime factors of x.
2
Suppose -4*y + 102 = -6*y. Let z = y + 90. Suppose 5*r - 194 = -z. What are the prime factors of r?
31
Let m(o) = 2*o**3 + 53*o**2 + 22*o - 80. What are the prime factors of m(-24)?
2, 71
Let n = -38 + 42. Let o = 68 - 4. Suppose r + 4*g - 8 = -2, 0 = -n*r + 4*g + o. List the prime factors of r.
2, 7
What are the prime factors of -27*((-21042)/(-27))/(-14)?
3, 167
Suppose 3*p = -4*k + 121, 4*k - 116 = 3*p - 13. What are the prime factors of k?
2, 7
Suppose -17*k + 19*k - 792 = 0. List the prime factors of k.
2, 3, 11
Let k = -163 + 721. List the prime factors of k.
2, 3, 31
Let v(c) = c**2 - 2*c + 4. Let b be v(4). Suppose x - 4*x = -9. Suppose b - 36 = -x*k. What are the prime factors of k?
2
Let c = -59 + 379. List the prime factors of c.
2, 5
Suppose 3*g + 3*m + 6 = 0, 6*g - 5*m - 28 = 5*g. Suppose g*t - 7 = -4. List the prime factors of 0 + (25 - 2) - t.
2, 11
Let v be -1*(-165 + 5 - 1). Suppose -10*u + v = -29. List the prime factors of u.
19
Suppose -2*f = 5*q + 5, 2*q - q - 2*f = 11. Suppose 2 = -h + q, 1 = -4*k - 5*h. What are the prime factors of (-1 - 0) + 4 - k?
2
What are the prime factors of (-1)/2 - (-87389)/62?
1409
Let f(c) be the second derivative of c**5/30 - 5*c**4/24 - c**2/2 + 5*c. Let o(n) be the first derivative of f(n). What are the prime factors of o(4)?
2, 3
Suppose -2*d + 10 = 2. What are the prime factors of 147 + (d + -20)/(-4)?
151
Suppose -t - 5527 = -5*h, -2*h + 8*t - 11*t = -2221. List the prime factors of h.
2, 7, 79
Let r(t) = -22*t - 1. Let i be r(-1). Suppose -3*y - i = -10*y. Suppose -2*s + j + 57 = 0, j + 2*j = -y. What are the prime factors of s?
2, 7
Let g(d) = -433*d + 81. List the prime factors of g(-5).
2, 1123
Let d(o) = o**3 + 47. Let m be d(0). Let z = -11 + m. List the prime factors of z.
2, 3
Suppose 4*s + s + r = 44, -34 = -4*s - 2*r. Let k = s + -9. Suppose 65 = 5*g + 5*x, -3*x + 15 = -k. What are the prime factors of g?
2
Let w = 317 - -2147. List the prime factors of w.
2, 7, 11
Let r(t) = -1097*t - 3. List the prime factors of r(-1).
2, 547
Suppose -2*t + 3579 = 5*o, -2*o + 4*t + 391 = -1031. What are the prime factors of o?
5, 11, 13
Suppose w = 4*r - 4*w - 53, 3*w = -15. Suppose 2028 = r*y + 6*y. List the prime factors of y.
2, 3, 13
Suppose 7*f = -15*f + 14828. List the prime factors of f.
2, 337
Suppose 0 = -4*p + 60 + 12. Suppose -29 = -6*j + 103. Suppose 0 = 2*w - 3*h - 29 - j, h = -w + p. List the prime factors of w.
3, 7
Let i = 1903 - 1416. What are the prime factors of i?
487
What are the prime factors of 2 + -5 + -8 + 904?
19, 47
Suppose -5*b + 7*b = 68. Suppose 4*k = o - k - b, 0 = 2*o - 4*k - 50. Suppose 0 = -t + v + 8, -2*v + v = -2*t + o. List the prime factors of t.
11
Let y(d) = -31*d + 47. List the prime factors of y(-15).
2
Let b = -1 + 3. Suppose 0 = -p + b - 1, 3*x + 5*p = 32. Let q = 12 - x. What are the prime factors of q?
3
Let f(u) = 15*u**2 + 143*u + 46. List the prime factors of f(-17).
2, 3, 5, 13
What are the prime factors of (-16*96/(-15))/(24/300)?
2, 5
Suppose 3*q - 2*q = -4. Let z be (-1 - q)*(-700)/(-15). Suppose -3*g + 7*g = z. List the prime factors of g.
5, 7
Suppose n + 24*o - 23*o - 899 = 0, -4*n + 3620 = -2*o. List the prime factors of n.
3, 7, 43
Suppose 44 = 2*u + 4*i, -3*u + 17 = -5*i - 5. Let a = u + -5. Let o(p) = p**2 - 8*p + 8. What are the prime factors of o(a)?
17
Suppose 7*k = 1153 - 131. Suppose 5*l - 191 = 2*a, 5*a + k = l + 3*l. What are the prime factors of l?
3, 13
Let n = -23 + 5. Let q(g) = 4*g**2 - g - 2. Let r be q(2). List the prime factors of (-95)/(-2) + n/r.
2, 23
Let t be (17/4)/((-3)/(-48)). Let n = 36 - 33. Suppose -t = -4*a - 4*d, -n*a + 2*d = -d - 69. List the prime factors of a.
2, 5
Let g(l) = l**2 + 10*l - 9. Suppose y - 2 = -w + 8, -2*y + 32 = 5*w. Let v be g(y). Let x = v + -48. What are the prime factors of x?
3, 13
Suppose 25*b + 156 = 23*b. Let g = -54 - b. List the prime factors of g.
2, 3
Let k be 2/(-9) + (3 - 92/(-9)). Suppose -3*l = -2*s + 43, 2*s + l = -2*l + k. List the prime factors of s.
2, 7
Let q be (-25 + 4)*(-15)/(-15). Suppose -43 = -4*v + 93. Let i = v - q. What are the 